(p) + 5*w(p). Determine y(v).
-4
Let r(m) = m**2 - m - 14. Suppose -440 = -33*k - 55*k. What is r(k)?
6
Let z(i) = 3*i - 7. Let t(h) = h + 2. Suppose -m - 32 = -30. Let d(w) = m*t(w) + z(w). Determine d(7).
-4
Let k(t) = -938*t + 314*t + 313*t + 18 + 310*t. Suppose 0*i = -5*i + 15. Let l be (-3 + i - 2) + 2. Give k(l).
18
Let g(c) = -2*c**2 + 3*c + 4. Let i = 70 - 66. Calculate g(i).
-16
Let w(b) = 82 + 89 - 329 + 4*b + 77 + b**2 + 87. Let y(q) = -q**3 + 5*q**2 + 6*q - 4. Let z be y(6). Determine w(z).
6
Suppose -9 = -6*z - 27. Let j be 2*2 + 7 + z + 2. Let p(o) = o**3 - 11*o**2 + 11*o - 12. What is p(j)?
-2
Suppose -2*n = 5*t - 1, -383*n = -2*t - 378*n + 12. Let y(w) = 179*w. Determine y(t).
179
Let h(m) = -17*m - 150. Let p be h(-9). Let k be (-7 - -1) + 10/5*p. Let d(s) = 3*s - 5*s + 3*s + 4. What is d(k)?
4
Let g(a) = 167*a - 51. Let i(f) = 444*f - 136. Let z(s) = 8*g(s) - 3*i(s). Let u(q) = -q**2 - 6*q. Let o be u(-3). Determine z(o).
36
Let v = -1017 + 1019. Let o(a) = a**2 - 2 + 18*a**v - 11*a**2 + 9*a - 3*a**2 - 4*a**2. Determine o(-6).
-20
Let k(f) = f**2 - 3*f - 3. Let n = 72 + -68. Suppose 0 = 3*z + 5*i - 40, 5*i + 121 - 21 = n*z. Suppose 0 = 9*c - z - 25. What is k(c)?
7
Let y = -3197 + 3190. Let j(q) = q**3 + 8*q**2 + 7*q - 3. Determine j(y).
-3
Let m(d) = -d**3 + 4*d**2 - 3*d. Let g be m(2). Let v(p) = g + 0*p - 11*p**2 + 5*p - 2*p + 13*p**2. Suppose c + 1 - 6 = 0, -5*t = 2*c. Give v(t).
4
Let t(d) = 758*d**3 - 378*d**3 + 6*d - 379*d**3 + 1 - 7*d**2. Let y be (-32)/(-6) + 23/((-345)/(-10)). Determine t(y).
1
Let q(r) = 3*r**3 + 7*r**2 + 5*r - 11. Let b(m) = m**3 + m + 1. Let s(t) = -2*b(t) + q(t). Suppose 42*x + 104 + 148 = 0. Calculate s(x).
5
Let q(x) = 26 - 20 - 9*x - 25 - x**2. Let k be q(-8). Let i(t) = t**3 + 12*t**2 + 13*t + 16. Determine i(k).
-6
Let l(k) be the second derivative of -1/20*k**5 - 1/6*k**3 - 1/6*k**4 - 3/2*k**2 - 109*k + 0. What is l(-3)?
9
Let w(r) = r**3 + 8*r**2 - 7*r + 9. Suppose 9*p - p = 0. Let y be (p - 26/(-5)) + (-3)/15. Suppose -y*j = -4*v - 31, 5*j - 15 = 3*v + 7. What is w(v)?
-9
Let o(a) = -2*a - 2. Let w be o(-2). Let m(y) = 7 - w*y - 4 + 3. Let r = 39078 + -39070. What is m(r)?
-10
Suppose -3*o + 312 = -11*g + 8*g, -5*g = -2*o + 208. Let d(l) = 151 + l**2 + 4*l - 55 - o. Calculate d(-6).
4
Let t(n) be the second derivative of 19*n**3/6 + 3*n**2/2 + 44*n. Calculate t(2).
41
Let i(j) be the first derivative of -j**3/3 + 11*j**2/2 - 13*j + 1. Suppose 2*s + p = -59 + 77, 5*s + 2*p = 46. Calculate i(s).
-3
Let y(x) = -x**3 + 6*x**2 - 4*x - 4. Suppose -5*h = p + 1, -4*p + 14 = 4*h - 14. Let u be (6/p)/(((-2)/12)/(-1)). Give y(u).
12
Let f(h) = 23*h - 4*h + 4 - 5*h. Let i(v) = -7*v - 2. Let z(n) = 2*f(n) + 5*i(n). Calculate z(-1).
5
Let r(t) = -31 + 349*t + 0*t**2 - 347*t - 2*t**2 - 2*t**2 + t**3. Give r(5).
4
Let p be ((-2)/(-4))/(((-21)/(-28))/(-3)). Let f(v) = -522*v + 3*v**2 + 0*v**2 - 2 + 523*v + 4*v**3 - v**3. What is f(p)?
-16
Let c(k) = 172*k - 24 - 115*k - 71*k. Determine c(-2).
4
Let s(a) = 27*a**2 + 948*a + 64. Let i be s(-35). Let d(p) = p**3 + 41*p**2 - 3*p - 118. What is d(i)?
5
Let q(o) = -o**2. Suppose 2*d + 4 = d. Let a(f) = -4*f**2 + f + 1. Let t(s) = d*q(s) - a(s). Suppose -3*w = j + 2*j + 18, -15 = 3*j. What is t(w)?
8
Let i(j) = -3*j + 5 + 0 - 6*j + 0 + 1. Let o(t) = -4*t + 3. Let r(u) = 3*i(u) - 7*o(u). What is r(6)?
3
Let w(u) be the second derivative of -2*u**3/3 + 23*u**2/2 + 9*u + 101. Give w(7).
-5
Let i(m) = 13*m + 518. Let q be i(-40). Let g(b) = -2*b**2 - 3*b + 2. What is g(q)?
0
Let l(b) be the first derivative of 2*b**3/3 + b**2 + 38*b + 130. Let t(p) be the first derivative of l(p). Give t(5).
22
Let l(v) = -36*v - 124. Let u(g) = 37*g + 122. Let c(o) = 3*l(o) + 2*u(o). Let h be c(-4). Let b(m) = m**3 - 9*m**2 + 9*m. Determine b(h).
8
Let l = -96 - -102. Let o be 4/(-12) - l*3/27. Let d(y) = y. Calculate d(o).
-1
Let d(q) be the third derivative of -q**4/8 + 3*q**3/2 - 2*q**2. Let w be (31/40 - 9/24)/((-2)/(-20)). What is d(w)?
-3
Let l(p) = -p**2 - 6*p - 1. Suppose 0 = -3*s + 44 + 91. Suppose 103*f = 112*f + s. What is l(f)?
4
Let g(p) = 2*p**3 - p + 1. Let f = 191 + -189. Let v(m) = 3*m**3 + 7*m**2 - 3*m + 6. Let y(u) = f*g(u) - v(u). Determine y(7).
3
Suppose -3*w = 2*o + 113, 0 = 2*w + 3*o + 59 + 18. Let h = 40 + w. Let g(p) = 4 + 3 - 5 + 2*p - h + 3*p**3. Give g(1).
4
Let q(j) = -22*j + 44*j + 5 - 14*j - 7*j. Suppose -g + 2*g + 4 = 0. What is q(g)?
1
Let o(v) = -v**2 + 6*v + 13. Let d = 388 - 267. Let i = 129 - d. Calculate o(i).
-3
Let j(g) = 3*g - 2. Suppose 5*w + 70 = 5*b, 2 = 4*w + 14. Suppose b*z = 4*z + 35. Suppose -7 = -z*m - o + 15, -2 = -m - o. What is j(m)?
13
Let g(m) = -4*m - 18 - 326*m**2 + 163*m**2 - 10*m - 11 + 162*m**2. Give g(-9).
16
Suppose 11*g = g + 920. Suppose g*m - 14 = 93*m. Let v(c) = -c**2 - 12*c + 28. Give v(m).
0
Let v(u) be the third derivative of -u**7/5040 - u**6/240 + 11*u**5/3 + 41*u**2. Let w(z) be the third derivative of v(z). Determine w(-10).
7
Let n(c) = c**2 - c + 13. Suppose 340 = 4*o - 8*o. Let l = o - -85. What is n(l)?
13
Let p(j) be the second derivative of 10*j + 0*j**3 - 5/4*j**4 + 0*j**2 + 0 - 1/60*j**5 - 1/360*j**6. Let o(u) be the third derivative of p(u). Calculate o(-2).
2
Let j(n) be the first derivative of 3*n**2/2 - 14*n - 10. Suppose -i - 4*m + 10 = 0, 27 = 4*i - 235*m + 238*m. What is j(i)?
4
Let z(o) = -o**3 - 5*o**2 - 5*o - 9. Let b(w) = -140*w + 975. Let p be b(7). Calculate z(p).
16
Let n(v) = v**2 - 878*v + 23 + 35 + 860*v. What is n(13)?
-7
Let a = -44839 + 44796. Let u(v) = -5*v**2 - 216*v - 43. Determine u(a).
0
Suppose 3*d + 2 = -5*y, 3*y + 5 = 2*d - 0*d. Suppose -5 = 3*p + 2*p - 5*w, 5*p = 3*w + d. Let n(t) be the first derivative of -13*t**2/2 - 1. Determine n(p).
-26
Let g(t) be the third derivative of t**5/12 - 2*t**3/3 + 41*t**2 - 1. Give g(2).
16
Let b(v) = -97*v + 1946. Let l be b(20). Let f(j) = 7*j**2 - 2*j**2 - 3*j**3 + 1 + 2*j**3 - 4*j + 9*j. Calculate f(l).
-5
Let o(r) = -2*r + 16. Let b(n) = n**2 + 2*n + 1. Let y(t) = -7*t**2 + 3*t + 112. Let g(v) = -6*b(v) - y(v). Let x be g(-6). Give o(x).
0
Let t = 238 - 236. Let n(w) = 0*w - 7*w**t - w**3 + 8*w - 5 - 18*w + w. What is n(-6)?
13
Let d(f) = f**2 + 4*f - 5. Suppose 0*z - 4*z - x = -16, 0 = 3*x. Suppose -826 = -z*r + s, 4*r + 2*s + 3*s - 814 = 0. Suppose -r + 194 = 2*n. Give d(n).
7
Let t(r) be the third derivative of -2*r**4/3 - 62*r**3/3 - 6*r**2 - 9*r - 3. Calculate t(-8).
4
Suppose 0 = -4*i - m + 22 + 46, 74 = 3*i - 5*m. Let f(t) = -32 + i + 22 + t**2 - 9*t. Calculate f(6).
-10
Suppose -850*u = -867*u + 68. Let o(c) = c**2 + 5*c - 40. Calculate o(u).
-4
Let v(y) = y + 2. Let k be v(-7). Let s(t) be the second derivative of t**5/20 + t**4/3 - t**3/3 + 3*t**2 + 1544*t. Give s(k).
-9
Let p(h) be the second derivative of -1/3*h**4 - 2/3*h**3 + 239*h + 0 + 1/20*h**5 - 7/2*h**2. What is p(5)?
-2
Let n be ((-195)/(-26))/((-2)/(-4)). Let s = n + -10. Suppose -s*x = 0, 4*x + 3 = 3*d - 0. Let o(f) = 8*f - 1. What is o(d)?
7
Let z(m) = -m**3 - 3*m**2 + 5*m + 6. Let n be -10 + 1 + 70/14. What is z(n)?
2
Let v(i) be the first derivative of 1/3*i**3 + 116 - 4*i**2 - 11*i. Determine v(8).
-11
Let i(l) = -l + 4. Let w(a) = -19 - 151*a + 88*a + 2*a**2 + 88*a. Let z be w(-13). Let n = 6 + z. Give i(n).
4
Let o(z) = 12*z + 8 + 11 - 8*z. Let f be (-3 - -4)*12/9*-6. What is o(f)?
-13
Let q(t) = -t**3 + 8*t. Let n(g) = 4*g**3 - 4*g**2 - 23*g + 16. Let x(p) = n(p) + 5*q(p). What is x(-7)?
44
Let t(u) = -u**3 + 107*u**2 - 973*u + 13. Let r be t(10). Let h(b) = -2*b**3 - 34*b**2 + 2*b + 35. Determine h(r).
1
Let y(c) = -c**2 - 14*c + 28. Let f(h) = -2*h**2 - 15*h + 27. Let p(j) = 2*f(j) - 3*y(j). Determine p(9).
-3
Suppose y = 3*q + 5, -q + 2*y = 7*y - 25. Suppose 5*b + q*h = 2*h + 1, 0 = -3*b + 3*h + 6. Let a(t) = -3 - 3 + 9*t + 6. Give a(b).
-9
Let l = -131 - -131. Suppose 13 + l = 13*r. Let k(b) = -10*b. Calculate k(r).
-10
Let x be (-2 - 0) + 1/((-1)/(-32)). Suppose 3*k + 45 = -3*f - x, -3*f = -k - 29. Let m = -23 - k. Let b(d) = -2*d**2 + 3*d + 1. What is b(m)?
-8
Let y(v) be the first derivative of v**4/4 + 11*v**3/3 - 3*v**2/2 - 7*v - 383. Determine y(-11).
26
Let c(u) be the third derivative of u**6/120 + u**5/12 - u**4/12 - u**3/6 - 613*u**2.